tens digit of 3727?
2
What is the hundreds digit of 3749?
7
What is the hundreds digit of 900?
9
What is the units digit of 76002?
2
What is the hundreds digit of 13629?
6
What is the hundreds digit of 1448?
4
What is the hundreds digit of 6195?
1
What is the units digit of 5812?
2
What is the hundreds digit of 848?
8
What is the hundreds digit of 517?
5
What is the thousands digit of 2978?
2
What is the hundreds digit of 153445?
4
What is the ten thousands digit of 123987?
2
What is the ten thousands digit of 47404?
4
What is the thousands digit of 9836?
9
What is the tens digit of 5831?
3
What is the ten thousands digit of 52276?
5
What is the tens digit of 4401?
0
What is the hundreds digit of 8298?
2
What is the units digit of 8174?
4
What is the thousands digit of 9419?
9
What is the units digit of 171070?
0
What is the units digit of 55797?
7
What is the thousands digit of 26233?
6
What is the units digit of 7400?
0
What is the units digit of 4759?
9
What is the hundreds digit of 57516?
5
What is the thousands digit of 12344?
2
What is the tens digit of 19687?
8
What is the hundreds digit of 1222?
2
What is the units digit of 5752?
2
What is the tens digit of 9673?
7
What is the units digit of 351?
1
What is the tens digit of 10018?
1
What is the ten thousands digit of 36979?
3
What is the hundreds digit of 22358?
3
What is the thousands digit of 5004?
5
What is the thousands digit of 14784?
4
What is the thousands digit of 120056?
0
What is the tens digit of 1421?
2
What is the units digit of 38899?
9
What is the hundreds digit of 17549?
5
What is the tens digit of 78169?
6
What is the units digit of 1449?
9
What is the tens digit of 3837?
3
What is the units digit of 4280?
0
What is the tens digit of 709?
0
What is the units digit of 595?
5
What is the thousands digit of 2499?
2
What is the hundreds digit of 145875?
8
What is the hundreds digit of 1592?
5
What is the ten thousands digit of 13484?
1
What is the ten thousands digit of 37627?
3
What is the units digit of 6492?
2
What is the hundreds digit of 355?
3
What is the tens digit of 44297?
9
What is the hundreds digit of 7254?
2
What is the units digit of 839?
9
What is the hundred thousands digit of 109249?
1
What is the units digit of 78957?
7
What is the ten thousands digit of 16247?
1
What is the thousands digit of 19782?
9
What is the tens digit of 1253?
5
What is the tens digit of 1132?
3
What is the units digit of 1972?
2
What is the tens digit of 182?
8
What is the hundreds digit of 110?
1
What is the hundreds digit of 5576?
5
What is the hundreds digit of 78251?
2
What is the ten thousands digit of 102409?
0
What is the hundreds digit of 2382?
3
What is the tens digit of 3251?
5
What is the tens digit of 1915?
1
What is the units digit of 3159?
9
What is the tens digit of 11361?
6
What is the units digit of 4420?
0
What is the thousands digit of 22324?
2
What is the tens digit of 28431?
3
What is the ten thousands digit of 14530?
1
What is the units digit of 492?
2
What is the tens digit of 704?
0
What is the units digit of 9552?
2
What is the thousands digit of 9154?
9
What is the units digit of 20068?
8
What is the ten thousands digit of 18902?
1
What is the thousands digit of 55245?
5
What is the units digit of 175?
5
What is the hundreds digit of 4077?
0
What is the hundreds digit of 67632?
6
What is the units digit of 833?
3
What is the thousands digit of 7669?
7
What is the ten thousands digit of 28257?
2
What is the tens digit of 11575?
7
What is the hundreds digit of 10602?
6
What is the units digit of 21160?
0
What is the hundreds digit of 4144?
1
What is the units digit of 141?
1
What is the thousands digit of 2341?
2
What is the units digit of 9191?
1
What is the units digit of 7101?
1
What is the hundreds digit of 9035?
0
What is the thousands digit of 1391?
1
What is the tens digit of 13162?
6
What is the tens digit of 169912?
1
What is the tens digit of 16039?
3
What is the thousands digit of 3558?
3
What is the thousands digit of 54590?
4
What is the hundreds digit of 7576?
5
What is the tens digit of 146?
4
What is the units digit of 234?
4
What is the units digit of 8197?
7
What is the tens digit of 4698?
9
What is the ten thousands digit of 35294?
3
What is the hundreds digit of 82443?
4
What is the tens digit of 1147?
4
What is the ten thousands digit of 23987?
2
What is the units digit of 616?
6
What is the tens digit of 1421?
2
What is the ten thousands digit of 54548?
5
What is the hundreds digit of 118?
1
What is the ten thousands digit of 35379?
3
What is the ten thousands digit of 30329?
3
What is the units digit of 272?
2
What is the units digit of 528?
8
What is the units digit of 541?
1
What is the units digit of 491?
1
What is the thousands digit of 3652?
3
What is the hundreds digit of 1109?
1
What is the units digit of 5177?
7
What is the hundreds digit of 809?
8
What is the hundreds digit of 29893?
8
What is the units digit of 13554?
4
What is the units digit of 2070?
0
What is the hundreds digit of 2099?
0
What is the hundreds digit of 26689?
6
What is the hundreds digit of 1722?
7
What is the units digit of 14450?
0
What is the units digit of 102060?
0
What is the hundreds digit of 48748?
7
What is the hundreds digit of 2853?
8
What is the hundreds digit of 8440?
4
What is the hundreds digit of 139?
1
What is the units digit of 903?
3
What is the hundreds digit of 269?
2
What is the thousands digit of 20617?
0
What is the thousands digit of 9758?
9
What is the units digit of 25581?
1
What is the units digit of 8631?
1
What is the hundreds digit of 8710?
7
What is the tens digit of 261?
6
What is the thousands digit of 23022?
3
What is the units digit of 2868?
8
What is the hundreds digit of 70879?
8
What is the thousands digit of 24174?
4
What is the tens digit of 8310?
1
What is the hundreds digit of 2313?
3
What is the units digit of 1372?
2
What is the tens digit of 3386?
8
What is the thousands digit of 8635?
8
What is the ten thousands digit of 79591?
7
What is the hundreds digit of 2563?
5
What is the thousands digit of 3485?
3
What is the tens digit of 68810?
1
What is the hundreds digit of 48167?
1
What is the thousands digit of 11016?
1
What is the units digit of 998?
8
What is the hundreds digit of 2201?
2
What is the tens digit of 2570?
7
What is the hundreds digit of 2644?
6
What is the units digit of 261?
1
What is the tens digit of 55222?
2
What is the hundreds digit of 11501?
5
What is the tens digit of 91503?
0
What is the hundreds digit of 1848?
8
What is the hundreds digit of 373?
3
What is the ten thousands digit of 10853?
1
What is the thousands digit of 18198?
8
What is the units digit of 10544?
4
What is the units digit of 3088?
8
What is the units digit of 8989?
9
What is the tens digit of 735?
3
What is the hundreds digit of 12485?
4
What is the hundreds digit of 24571?
5
What is the hundreds digit of 3992?
9
What is the units digit of 30834?
4
What is the tens digit of 1716?
1
What is the hundreds digit of 167?
1
What is the hundreds digit of 7171?
1
What is the tens digit of 172?
7
What is the units digit of 1692?
2
What is the hundreds digit of 24515?
5
What is the tens digit of 40477?
7
What is the units digit of 14403?
3
What is the units digit of 4086?
6
What is the hundreds digit of 6385?
3
What is the units digit of 1206?
6
What is the tens digit of 30961?
6
What is the tens digit of 1061?
6
What is the tens digit of 1209?
0
What is the units digit of 23777?
7
What is the tens digit of 265?
6
What is the ten thousands digit of 21665?
2
What is the tens digit of 28769?
6
What is the hundreds digit of 299?
2
What is the hundreds digit of 4289?
2
What is the thousands digit of 5056?
5
What is the ten thousands digit of 59985?
5
What is the thousands digit of 2763?
2
What is the tens digit of 1108?
0
What is the units digit of 7935?
5
What is the hundreds digit of 13231?
2
What is the thousands digit of 11329?
1
What is the tens digit of 8428?
2
What is the units digit of 1083?
3
What is the thousands digit of 5917?
5
What is the ten thousands digit of 106397?
0
What is the units digit of 4676?
6
What is the thousands digit of 1571?
1
What is the hundreds digit of 40025?
0
What is the units digit of 77502?